{"id":2211,"date":"2025-04-04T08:04:15","date_gmt":"2025-04-04T08:04:15","guid":{"rendered":"https:\/\/demo2wpopal.b-cdn.net\/spaciaz\/?page_id=2211"},"modified":"2025-11-18T23:42:03","modified_gmt":"2025-11-18T22:42:03","slug":"services-style-01","status":"publish","type":"page","link":"https:\/\/elitepro.tab-cs.tech\/?page_id=2211","title":{"rendered":"Nos services"},"content":{"rendered":"\t\t<div data-elementor-type=\"wp-page\" data-elementor-id=\"2211\" class=\"elementor elementor-2211\">\n\t\t\t\t<div class=\"elementor-element elementor-element-f589763 e-con-full e-flex e-con e-parent\" data-id=\"f589763\" data-element_type=\"container\" data-settings=\"{&quot;background_background&quot;:&quot;classic&quot;}\">\n\t\t<div class=\"elementor-element elementor-element-f1360fe e-flex e-con-boxed e-con e-child\" data-id=\"f1360fe\" data-element_type=\"container\">\n\t\t\t\t\t<div class=\"e-con-inner\">\n\t\t\t\t<div class=\"elementor-element elementor-element-2430424 elementor-widget elementor-widget-page-title\" data-id=\"2430424\" data-element_type=\"widget\" data-widget_type=\"page-title.default\">\n\t\t\t\t<div class=\"elementor-widget-container\">\n\t\t\t\t\t\t\t\n\t\t<div class=\"hfe-page-title hfe-page-title-wrapper elementor-widget-heading\">\n\n\t\t\t\t\t\t\t\t<h2 class=\"elementor-heading-title elementor-size-default\">\n\t\t\t\t\t\t\t\t\n\t\t\t\tNos services  \n\t\t\t<\/h2 > \n\t\t\t\t\t<\/div>\n\t\t\t\t\t\t<\/div>\n\t\t\t\t<\/div>\n\t\t\t\t<div class=\"elementor-element elementor-element-7728834 elementor-widget elementor-widget-hfe-breadcrumbs-widget\" data-id=\"7728834\" data-element_type=\"widget\" data-widget_type=\"hfe-breadcrumbs-widget.default\">\n\t\t\t\t<div class=\"elementor-widget-container\">\n\t\t\t\t\t<nav aria-label=\"Breadcrumb\"><ul class=\"hfe-breadcrumbs hfe-breadcrumbs-show-home\"><li class=\"hfe-breadcrumbs-item hfe-breadcrumbs-first\"><span class=\"hfe-breadcrumbs-home-icon\"><\/span><a href=\"https:\/\/elitepro.tab-cs.tech\"><span class=\"hfe-breadcrumbs-text\">Home<\/span><\/a><\/li><\/ul><\/nav>\t\t\t\t<\/div>\n\t\t\t\t<\/div>\n\t\t\t\t\t<\/div>\n\t\t\t\t<\/div>\n\t\t\t\t<div class=\"elementor-element elementor-element-7b01c05 elementor-widget elementor-widget-spacer\" data-id=\"7b01c05\" data-element_type=\"widget\" data-widget_type=\"spacer.default\">\n\t\t\t\t\t\t\t<div class=\"elementor-spacer\">\n\t\t\t<div class=\"elementor-spacer-inner\"><\/div>\n\t\t<\/div>\n\t\t\t\t\t\t<\/div>\n\t\t\t\t<\/div>\n\t\t<div class=\"elementor-element elementor-element-70691d5 e-flex e-con-boxed e-con e-parent\" data-id=\"70691d5\" data-element_type=\"container\">\n\t\t\t\t\t<div class=\"e-con-inner\">\n\t\t<div class=\"elementor-element elementor-element-5df0950 e-con-full e-flex e-con e-child\" data-id=\"5df0950\" data-element_type=\"container\">\n\t\t\t\t<div class=\"elementor-element elementor-element-c6432e6 box-width-yes elementor-widget__width-initial animated-fast spaciaz-scrolling-ltr elementor-invisible elementor-widget elementor-widget-spaciaz-slide-scrolling\" data-id=\"c6432e6\" data-element_type=\"widget\" data-settings=\"{&quot;_animation&quot;:&quot;opal-scale-up&quot;}\" data-widget_type=\"spaciaz-slide-scrolling.default\">\n\t\t\t\t<div class=\"elementor-widget-container\">\n\t\t\t\t\t            <div class=\"elementor-scrolling\">\n                <div class=\"elementor-scrolling-wrapper\">\n                                            <div class=\"elementor-scrolling-inner\">\n                                                            <div class=\"elementor-scrolling-item\">\n                                    <div class=\"elementor-scrolling-item-inner\">\n\n                                        \n                                        <div class=\"scrolling-title elementor-repeater-item-3eace46\">\n                                            <a href=\"#\"  title=\"Notre Expertise\"><span>Notre Expertise<\/span><\/a>                                        <\/div>\n\n                                        \n                                    <\/div>\n                                <\/div>\n                                                            <div class=\"elementor-scrolling-item\">\n                                    <div class=\"elementor-scrolling-item-inner\">\n\n                                        \n                                        <div class=\"scrolling-title elementor-repeater-item-9398599\">\n                                            <a href=\"#\"  title=\"\u00b7\"><span>\u00b7<\/span><\/a>                                        <\/div>\n\n                                        \n                                    <\/div>\n                                <\/div>\n                                                            <div class=\"elementor-scrolling-item\">\n                                    <div class=\"elementor-scrolling-item-inner\">\n\n                                        \n                                        <div class=\"scrolling-title elementor-repeater-item-18b9ba4\">\n                                            <a href=\"#\"  title=\" \u00e0 Votre Service\"><span> \u00e0 Votre Service<\/span><\/a>                                        <\/div>\n\n                                        \n                                    <\/div>\n                                <\/div>\n                                                            <div class=\"elementor-scrolling-item\">\n                                    <div class=\"elementor-scrolling-item-inner\">\n\n                                        \n                                        <div class=\"scrolling-title elementor-repeater-item-194a249\">\n                                            <a href=\"#\"  title=\"\u00b7\"><span>\u00b7<\/span><\/a>                                        <\/div>\n\n                                        \n                                    <\/div>\n                                <\/div>\n                                                    <\/div>\n                                                <div class=\"elementor-scrolling-inner\">\n                                                            <div class=\"elementor-scrolling-item\">\n                                    <div class=\"elementor-scrolling-item-inner\">\n\n                                        \n                                        <div class=\"scrolling-title elementor-repeater-item-3eace46\">\n                                            <a href=\"#\"  title=\"Notre Expertise\"><span>Notre Expertise<\/span><\/a>                                        <\/div>\n\n                                        \n                                    <\/div>\n                                <\/div>\n                                                            <div class=\"elementor-scrolling-item\">\n                                    <div class=\"elementor-scrolling-item-inner\">\n\n                                        \n                                        <div class=\"scrolling-title elementor-repeater-item-9398599\">\n                                            <a href=\"#\"  title=\"\u00b7\"><span>\u00b7<\/span><\/a>                                        <\/div>\n\n                                        \n                                    <\/div>\n                                <\/div>\n                                                            <div class=\"elementor-scrolling-item\">\n                                    <div class=\"elementor-scrolling-item-inner\">\n\n                                        \n                                        <div class=\"scrolling-title elementor-repeater-item-18b9ba4\">\n                                            <a href=\"#\"  title=\" \u00e0 Votre Service\"><span> \u00e0 Votre Service<\/span><\/a>                                        <\/div>\n\n                                        \n                                    <\/div>\n                                <\/div>\n                                                            <div class=\"elementor-scrolling-item\">\n                                    <div class=\"elementor-scrolling-item-inner\">\n\n                                        \n                                        <div class=\"scrolling-title elementor-repeater-item-194a249\">\n                                            <a href=\"#\"  title=\"\u00b7\"><span>\u00b7<\/span><\/a>                                        <\/div>\n\n                                        \n                                    <\/div>\n                                <\/div>\n                                                    <\/div>\n                                                <div class=\"elementor-scrolling-inner\">\n                                                            <div class=\"elementor-scrolling-item\">\n                                    <div class=\"elementor-scrolling-item-inner\">\n\n                                        \n                                        <div class=\"scrolling-title elementor-repeater-item-3eace46\">\n                                            <a href=\"#\"  title=\"Notre Expertise\"><span>Notre Expertise<\/span><\/a>                                        <\/div>\n\n                                        \n                                    <\/div>\n                                <\/div>\n                                                            <div class=\"elementor-scrolling-item\">\n                                    <div class=\"elementor-scrolling-item-inner\">\n\n                                        \n                                        <div class=\"scrolling-title elementor-repeater-item-9398599\">\n                                            <a href=\"#\"  title=\"\u00b7\"><span>\u00b7<\/span><\/a>                                        <\/div>\n\n                                        \n                                    <\/div>\n                                <\/div>\n                                                            <div class=\"elementor-scrolling-item\">\n                                    <div class=\"elementor-scrolling-item-inner\">\n\n                                        \n                                        <div class=\"scrolling-title elementor-repeater-item-18b9ba4\">\n                                            <a href=\"#\"  title=\" \u00e0 Votre Service\"><span> \u00e0 Votre Service<\/span><\/a>                                        <\/div>\n\n                                        \n                                    <\/div>\n                                <\/div>\n                                                            <div class=\"elementor-scrolling-item\">\n                                    <div class=\"elementor-scrolling-item-inner\">\n\n                                        \n                                        <div class=\"scrolling-title elementor-repeater-item-194a249\">\n                                            <a href=\"#\"  title=\"\u00b7\"><span>\u00b7<\/span><\/a>                                        <\/div>\n\n                                        \n                                    <\/div>\n                                <\/div>\n                                                    <\/div>\n                                        <\/div>\n            <\/div>\n            \t\t\t\t<\/div>\n\t\t\t\t<\/div>\n\t\t\t\t<\/div>\n\t\t<div class=\"elementor-element elementor-element-f3bd2d0 e-con-full e-flex e-con e-child\" data-id=\"f3bd2d0\" data-element_type=\"container\">\n\t\t\t\t<div class=\"elementor-element elementor-element-2b2ed76 elementor-widget__width-initial animated-fast elementor-invisible elementor-widget elementor-widget-heading\" data-id=\"2b2ed76\" data-element_type=\"widget\" data-settings=\"{&quot;_animation&quot;:&quot;opal-move-left&quot;}\" data-widget_type=\"heading.default\">\n\t\t\t\t\t<h2 class=\"elementor-heading-title elementor-size-default\">D\u00e9couvrez ce que nous pouvons faire pour vous<\/h2>\t\t\t\t<\/div>\n\t\t\t\t<\/div>\n\t\t\t\t<div class=\"elementor-element elementor-element-867dc0d animated-fast elementor-service-style-1 elementor-invisible elementor-widget elementor-widget-spaciaz-services\" data-id=\"867dc0d\" data-element_type=\"widget\" data-settings=\"{&quot;_animation&quot;:&quot;opal-move-up&quot;}\" data-widget_type=\"spaciaz-services.default\">\n\t\t\t\t<div class=\"elementor-widget-container\">\n\t\t\t\t\t        <div class=\"elementor-service-wrapper\">\n            <div class=\"d-grid\">\n                                                         <div class=\"grid-item service-item service-style-1\">\n                                            <div class=\"service-inner service-style-inner\">\n    <div class=\"service-content\">\n        <div class=\"service-post-thumbnail\">\n                            <img fetchpriority=\"high\" decoding=\"async\" width=\"900\" height=\"600\" src=\"https:\/\/elitepro.tab-cs.tech\/wp-content\/uploads\/2025\/04\/service2-1024x683.jpg\" class=\"attachment-large size-large wp-post-image\" alt=\"\" srcset=\"https:\/\/elitepro.tab-cs.tech\/wp-content\/uploads\/2025\/04\/service2-1024x683.jpg 1024w, https:\/\/elitepro.tab-cs.tech\/wp-content\/uploads\/2025\/04\/service2-300x200.jpg 300w, https:\/\/elitepro.tab-cs.tech\/wp-content\/uploads\/2025\/04\/service2-768x512.jpg 768w, https:\/\/elitepro.tab-cs.tech\/wp-content\/uploads\/2025\/04\/service2.jpg 1500w\" sizes=\"(max-width: 900px) 100vw, 900px\" \/>                    <\/div><!-- .post-thumbnail -->\n        <div class=\"service-button-wrap\">\n            <a class=\"service-button\" href=\"https:\/\/elitepro.tab-cs.tech\/?spaciaz_services=project-management\">\n                <span class=\"btn-icon-wrap\">\n                    <span class=\"btn-icon\"><i class=\"spaciaz-icon-arrow-long-right\"><\/i><\/span>\n                    <span class=\"btn-icon-hover\"><i class=\"spaciaz-icon-arrow-long-right\"><\/i><\/span>\n                <\/span>\n            <\/a>\n            <div class=\"decor-border\"> <\/div>\n        <\/div>\n    <\/div>\n    <div class=\"service-info\">\n        <h4 class=\"service-title\"><a href=\"https:\/\/elitepro.tab-cs.tech\/?spaciaz_services=project-management\">Gestion de Projet (AMO)<\/a><\/h4>\n        <div class=\"description\"><p>Des estimations fiables, transparentes et optimis\u00e9es pour offrir toujours le meilleur rapport qualit\u00e9-prix.<\/p>\n<\/div>\n    <\/div>\n<\/div>\n                                        <\/div>\n                                                                                 <div class=\"grid-item service-item service-style-1\">\n                                            <div class=\"service-inner service-style-inner\">\n    <div class=\"service-content\">\n        <div class=\"service-post-thumbnail\">\n                            <img decoding=\"async\" width=\"900\" height=\"600\" src=\"https:\/\/elitepro.tab-cs.tech\/wp-content\/uploads\/2025\/04\/service3-1024x683.jpg\" class=\"attachment-large size-large wp-post-image\" alt=\"\" srcset=\"https:\/\/elitepro.tab-cs.tech\/wp-content\/uploads\/2025\/04\/service3-1024x683.jpg 1024w, https:\/\/elitepro.tab-cs.tech\/wp-content\/uploads\/2025\/04\/service3-300x200.jpg 300w, https:\/\/elitepro.tab-cs.tech\/wp-content\/uploads\/2025\/04\/service3-768x512.jpg 768w, https:\/\/elitepro.tab-cs.tech\/wp-content\/uploads\/2025\/04\/service3.jpg 1500w\" sizes=\"(max-width: 900px) 100vw, 900px\" \/>                    <\/div><!-- .post-thumbnail -->\n        <div class=\"service-button-wrap\">\n            <a class=\"service-button\" href=\"https:\/\/elitepro.tab-cs.tech\/?spaciaz_services=investment-capital\">\n                <span class=\"btn-icon-wrap\">\n                    <span class=\"btn-icon\"><i class=\"spaciaz-icon-arrow-long-right\"><\/i><\/span>\n                    <span class=\"btn-icon-hover\"><i class=\"spaciaz-icon-arrow-long-right\"><\/i><\/span>\n                <\/span>\n            <\/a>\n            <div class=\"decor-border\"> <\/div>\n        <\/div>\n    <\/div>\n    <div class=\"service-info\">\n        <h4 class=\"service-title\"><a href=\"https:\/\/elitepro.tab-cs.tech\/?spaciaz_services=investment-capital\">Conception et Pilotage Architectural<\/a><\/h4>\n        <div class=\"description\"><p>Nous transformons chaque id\u00e9e en un projet parfaitement ma\u00eetris\u00e9, fluide et performant.<\/p>\n<\/div>\n    <\/div>\n<\/div>\n                                        <\/div>\n                                                                                 <div class=\"grid-item service-item service-style-1\">\n                                            <div class=\"service-inner service-style-inner\">\n    <div class=\"service-content\">\n        <div class=\"service-post-thumbnail\">\n                            <img decoding=\"async\" width=\"900\" height=\"600\" src=\"https:\/\/elitepro.tab-cs.tech\/wp-content\/uploads\/2025\/04\/service4-1024x683.jpg\" class=\"attachment-large size-large wp-post-image\" alt=\"\" srcset=\"https:\/\/elitepro.tab-cs.tech\/wp-content\/uploads\/2025\/04\/service4-1024x683.jpg 1024w, https:\/\/elitepro.tab-cs.tech\/wp-content\/uploads\/2025\/04\/service4-300x200.jpg 300w, https:\/\/elitepro.tab-cs.tech\/wp-content\/uploads\/2025\/04\/service4-768x512.jpg 768w, https:\/\/elitepro.tab-cs.tech\/wp-content\/uploads\/2025\/04\/service4.jpg 1500w\" sizes=\"(max-width: 900px) 100vw, 900px\" \/>                    <\/div><!-- .post-thumbnail -->\n        <div class=\"service-button-wrap\">\n            <a class=\"service-button\" href=\"https:\/\/elitepro.tab-cs.tech\/?spaciaz_services=construction-management\">\n                <span class=\"btn-icon-wrap\">\n                    <span class=\"btn-icon\"><i class=\"spaciaz-icon-arrow-long-right\"><\/i><\/span>\n                    <span class=\"btn-icon-hover\"><i class=\"spaciaz-icon-arrow-long-right\"><\/i><\/span>\n                <\/span>\n            <\/a>\n            <div class=\"decor-border\"> <\/div>\n        <\/div>\n    <\/div>\n    <div class=\"service-info\">\n        <h4 class=\"service-title\"><a href=\"https:\/\/elitepro.tab-cs.tech\/?spaciaz_services=construction-management\">Ing\u00e9nierie Financi\u00e8re et Investissement<\/a><\/h4>\n        <div class=\"description\"><p>Nous concevons des solutions financi\u00e8res sur mesure pour surmonter la complexit\u00e9 et maximiser la valeur<\/p>\n<\/div>\n    <\/div>\n<\/div>\n                                        <\/div>\n                                                                                 <div class=\"grid-item service-item service-style-1\">\n                                            <div class=\"service-inner service-style-inner\">\n    <div class=\"service-content\">\n        <div class=\"service-post-thumbnail\">\n                            <img loading=\"lazy\" decoding=\"async\" width=\"900\" height=\"600\" src=\"https:\/\/elitepro.tab-cs.tech\/wp-content\/uploads\/2025\/04\/service5-1024x683.jpg\" class=\"attachment-large size-large wp-post-image\" alt=\"\" srcset=\"https:\/\/elitepro.tab-cs.tech\/wp-content\/uploads\/2025\/04\/service5-1024x683.jpg 1024w, https:\/\/elitepro.tab-cs.tech\/wp-content\/uploads\/2025\/04\/service5-300x200.jpg 300w, https:\/\/elitepro.tab-cs.tech\/wp-content\/uploads\/2025\/04\/service5-768x512.jpg 768w, https:\/\/elitepro.tab-cs.tech\/wp-content\/uploads\/2025\/04\/service5.jpg 1500w\" sizes=\"(max-width: 900px) 100vw, 900px\" \/>                    <\/div><!-- .post-thumbnail -->\n        <div class=\"service-button-wrap\">\n            <a class=\"service-button\" href=\"https:\/\/elitepro.tab-cs.tech\/?spaciaz_services=architecture-design\">\n                <span class=\"btn-icon-wrap\">\n                    <span class=\"btn-icon\"><i class=\"spaciaz-icon-arrow-long-right\"><\/i><\/span>\n                    <span class=\"btn-icon-hover\"><i class=\"spaciaz-icon-arrow-long-right\"><\/i><\/span>\n                <\/span>\n            <\/a>\n            <div class=\"decor-border\"> <\/div>\n        <\/div>\n    <\/div>\n    <div class=\"service-info\">\n        <h4 class=\"service-title\"><a href=\"https:\/\/elitepro.tab-cs.tech\/?spaciaz_services=architecture-design\">Montage d&rsquo;Op\u00e9rations Immobili\u00e8res<\/a><\/h4>\n        <div class=\"description\"><p>Du concept \u00e0 la r\u00e9alisation, nous montons des op\u00e9rations immobili\u00e8res solides, rentables et parfaitement ma\u00eetris\u00e9es.<\/p>\n<\/div>\n    <\/div>\n<\/div>\n                                        <\/div>\n                                                                                 <div class=\"grid-item service-item service-style-1\">\n                                            <div class=\"service-inner service-style-inner\">\n    <div class=\"service-content\">\n        <div class=\"service-post-thumbnail\">\n                            <img loading=\"lazy\" decoding=\"async\" width=\"900\" height=\"600\" src=\"https:\/\/elitepro.tab-cs.tech\/wp-content\/uploads\/2025\/04\/service6-1024x683.jpg\" class=\"attachment-large size-large wp-post-image\" alt=\"\" srcset=\"https:\/\/elitepro.tab-cs.tech\/wp-content\/uploads\/2025\/04\/service6-1024x683.jpg 1024w, https:\/\/elitepro.tab-cs.tech\/wp-content\/uploads\/2025\/04\/service6-300x200.jpg 300w, https:\/\/elitepro.tab-cs.tech\/wp-content\/uploads\/2025\/04\/service6-768x512.jpg 768w, https:\/\/elitepro.tab-cs.tech\/wp-content\/uploads\/2025\/04\/service6.jpg 1500w\" sizes=\"(max-width: 900px) 100vw, 900px\" \/>                    <\/div><!-- .post-thumbnail -->\n        <div class=\"service-button-wrap\">\n            <a class=\"service-button\" href=\"https:\/\/elitepro.tab-cs.tech\/?spaciaz_services=sales-marketing\">\n                <span class=\"btn-icon-wrap\">\n                    <span class=\"btn-icon\"><i class=\"spaciaz-icon-arrow-long-right\"><\/i><\/span>\n                    <span class=\"btn-icon-hover\"><i class=\"spaciaz-icon-arrow-long-right\"><\/i><\/span>\n                <\/span>\n            <\/a>\n            <div class=\"decor-border\"> <\/div>\n        <\/div>\n    <\/div>\n    <div class=\"service-info\">\n        <h4 class=\"service-title\"><a href=\"https:\/\/elitepro.tab-cs.tech\/?spaciaz_services=sales-marketing\">Vente et Marketing Immobilier<\/a><\/h4>\n        <div class=\"description\"><p>Nous combinons expertise commerciale et marketing innovant pour vendre plus vite, mieux, et au meilleur prix.<\/p>\n<\/div>\n    <\/div>\n<\/div>\n                                        <\/div>\n                                                    <\/div>\n\n        <\/div>\n                \t\t\t\t<\/div>\n\t\t\t\t<\/div>\n\t\t\t\t\t<\/div>\n\t\t\t\t<\/div>\n\t\t\t\t<\/div>\n\t\t","protected":false},"excerpt":{"rendered":"<p>Our services Home Notre Expertise \u00b7 \u00e0 Votre Service \u00b7 Notre Expertise \u00b7 \u00e0 Votre Service \u00b7 Notre Expertise \u00b7 \u00e0 Votre Service \u00b7 D\u00e9couvrez ce que nous pouvons faire pour vous Gestion de Projet (AMO) Des estimations fiables, transparentes et optimis\u00e9es pour offrir toujours le meilleur rapport qualit\u00e9-prix. Conception et Pilotage Architectural Nous transformons [&hellip;]<\/p>\n","protected":false},"author":1,"featured_media":0,"parent":0,"menu_order":0,"comment_status":"closed","ping_status":"closed","template":"template-homepage.php","meta":{"footnotes":""},"class_list":["post-2211","page","type-page","status-publish","hentry"],"_links":{"self":[{"href":"https:\/\/elitepro.tab-cs.tech\/index.php?rest_route=\/wp\/v2\/pages\/2211","targetHints":{"allow":["GET"]}}],"collection":[{"href":"https:\/\/elitepro.tab-cs.tech\/index.php?rest_route=\/wp\/v2\/pages"}],"about":[{"href":"https:\/\/elitepro.tab-cs.tech\/index.php?rest_route=\/wp\/v2\/types\/page"}],"author":[{"embeddable":true,"href":"https:\/\/elitepro.tab-cs.tech\/index.php?rest_route=\/wp\/v2\/users\/1"}],"replies":[{"embeddable":true,"href":"https:\/\/elitepro.tab-cs.tech\/index.php?rest_route=%2Fwp%2Fv2%2Fcomments&post=2211"}],"version-history":[{"count":8,"href":"https:\/\/elitepro.tab-cs.tech\/index.php?rest_route=\/wp\/v2\/pages\/2211\/revisions"}],"predecessor-version":[{"id":6602,"href":"https:\/\/elitepro.tab-cs.tech\/index.php?rest_route=\/wp\/v2\/pages\/2211\/revisions\/6602"}],"wp:attachment":[{"href":"https:\/\/elitepro.tab-cs.tech\/index.php?rest_route=%2Fwp%2Fv2%2Fmedia&parent=2211"}],"curies":[{"name":"wp","href":"https:\/\/api.w.org\/{rel}","templated":true}]}}